{"id":285,"date":"2023-10-30T08:28:47","date_gmt":"2023-10-30T08:28:47","guid":{"rendered":"http:\/\/193.194.89.189\/wp_ltir\/?page_id=285"},"modified":"2023-10-30T08:34:03","modified_gmt":"2023-10-30T08:34:03","slug":"liste-des-etudiants-doctorants","status":"publish","type":"page","link":"https:\/\/ltir.usthb.dz\/index.php\/liste-des-etudiants-doctorants\/","title":{"rendered":"Liste des \u00c9tudiants Doctorants"},"content":{"rendered":"\n<p><strong>LISTE DES ETUDIANTS DOCTORANTS MEMBRE DU LABORATOIRE (INTRODUISEZ AUTANT DE COLONNES QUE D\u2019ETUDIANTS)<\/strong><\/p>\n\n\n\n<figure class=\"wp-block-table\"><table><tbody><tr><td>Nom &amp; Pr\u00e9nom<\/td><td><strong>Date de la premi\u00e8re inscription<\/strong><\/td><td><strong>Nom de l\u2019encadreur<\/strong><\/td><td><strong>Intitul\u00e9 du sujet de th\u00e8se<\/strong><\/td><\/tr><tr><td>AZZAZ Nafissa<\/td><td>Nov 2010<\/td><td>Pr HADDAD B<\/td><td>Analyse multi \u00e9chelle des donn\u00e9es radar et satellitaires en vue de la pr\u00e9vision de la pluie<\/td><\/tr><tr><td>BENZAOUI Mohamed Lassaad<\/td><td>2008<\/td><td>Pr. Youcef-Ettoumi Fatiha.<\/td><td>\u00c9tude et conception de syst\u00e8mes hybrides \u00e9volutifs d\u2019exploitation de l\u2019\u00e9nergie renouvelable<\/td><\/tr><tr><td>BOUFLIH Yacine<\/td><td>Nov 2015<\/td><td>Dr. RAAF O.<\/td><td>Classification des \u00e9chos Observ\u00e9s dans les images radar et satellitaire<\/td><\/tr><tr><td>DJOUAMA Alla Eddine<\/td><td>Nov. 2011<\/td><td>. Pr Youcef -Ettoumi.<\/td><td>Estimation de canal et la planification des ressources en Long Terme \u00c9volution (LTE) en utilisant des m\u00e9thodes de pr\u00e9dictions efficace<\/td><\/tr><tr><td>GHEDAB Nabila<\/td><td>Novembre 2012<\/td><td>Pr Youcef \u2013Ettoumi Fatiha<\/td><td>Exploitation de l\u2019\u00e9nergie solaire pour l\u2019autonomie d\u2019un syst\u00e8me de communication de nouvelle g\u00e9n\u00e9ration<\/td><\/tr><tr><td>HADJADJ Khedidja<\/td><td>Nov. 2012<\/td><td>Pr Youcef \u2013Ettoumi Fatiha.<\/td><td>\u00c9tude, D\u00e9veloppement et D\u00e9ploiement d\u2019un Centre de ressource : Applications aux syst\u00e8mes de radiocommunication.<\/td><\/tr><tr><td>HAMOUDI Hocine<\/td><td>Novembre 2009<\/td><td>. Pr Haddad Boualem<\/td><td>Analyse de l&#8217;interaction des activit\u00e9s telluriques avec les ondes RF dans l&#8217;atmosph\u00e8re.<\/td><\/tr><tr><td>HAMOUDI Imane<\/td><td>Septembre 2004<\/td><td>Pr Adane Abd El Hamid<\/td><td>Mise au point d\u2019Un processeur de donn\u00e9es pour radar FM-CW.<\/td><\/tr><tr><td>HEDIR Mehdia<\/td><td>Novembre 2012<\/td><td>Pr HADDAD B<\/td><td>Classification automatique des \u00e9chos radar : Application au filtrage des \u00e9chos du sol<\/td><\/tr><tr><td>KAOUANE Tarik<\/td><td>Dec. 2010<\/td><td>Pr Youcef -Ettoumi)<\/td><td>\u00c9tude De l\u2019autonomie d\u2019exploitation des radars : Approches bas\u00e9es sur les \u00e9nergies renouvelables<\/td><\/tr><tr><td>LABDAOUI Rym<\/td><td>Nov. 2012<\/td><td>Pr Youcef \u2013Ettoumi Fatiha<\/td><td>Techniques de radiocommunications dans les canaux sous<\/td><\/tr><tr><td>LAKROUF Lotfi<\/td><td>Nov. 2014<\/td><td>Pr Youcef \u2013Ettoumi Fatiha.<\/td><td>Mod\u00e9lisation et d\u00e9veloppement de la pr\u00e9diction spatio-temporelle des donn\u00e9es m\u00e9t\u00e9orologiques : cas de Tamanrasset<\/td><\/tr><tr><td>MERAHI Kamel<\/td><td>Nov. 2012<\/td><td>Pr Youcef \u2013Ettoumi Fatiha<\/td><td>Contribution \u00e0 la standardisation des syst\u00e8mes d\u2019\u00e9nergie solaire de moyenne puissance : Alimentation des syst\u00e8mes de radiocommunication<\/td><\/tr><tr><td>MIMOUNI Hanane td&gt;<\/td><td>Nov. 2013<\/td><td>Pr. HADDAD B.<\/td><td>Caract\u00e9risation des pr\u00e9cipitations par les images satellitaires en vue de leur estimation.<\/td><\/tr><tr><td>MOKDAD Fatiha<\/td><td>Nov. 2010<\/td><td>Pr HADDAD B.<\/td><td>D\u00e9veloppement d\u2019outils d\u2019analyse des images MSG en vue de la caract\u00e9risation des pr\u00e9cipitations en Alg\u00e9rie<\/td><\/tr><tr><td>TEBBI Mohsene Abdelfettah<\/td><td>Novembre 2014<\/td><td>Pr HADDAD B<\/td><td>Estimation des pr\u00e9cipitations pour le nord alg\u00e9rien par les images satellitaires<\/td><\/tr><\/tbody><\/table><\/figure>\n","protected":false},"excerpt":{"rendered":"<p>LISTE DES ETUDIANTS DOCTORANTS MEMBRE DU LABORATOIRE (INTRODUISEZ AUTANT DE COLONNES QUE D\u2019ETUDIANTS) Nom &amp; Pr\u00e9nom Date de la premi\u00e8re inscription Nom de l\u2019encadreur Intitul\u00e9 du sujet de th\u00e8se AZZAZ Nafissa Nov 2010 Pr HADDAD B Analyse multi \u00e9chelle des <span class=\"readmore\"><a href=\"https:\/\/ltir.usthb.dz\/index.php\/liste-des-etudiants-doctorants\/\">Continue Reading<\/a><\/span><\/p>\n","protected":false},"author":1,"featured_media":0,"parent":0,"menu_order":0,"comment_status":"closed","ping_status":"closed","template":"","meta":[],"_links":{"self":[{"href":"https:\/\/ltir.usthb.dz\/index.php\/wp-json\/wp\/v2\/pages\/285"}],"collection":[{"href":"https:\/\/ltir.usthb.dz\/index.php\/wp-json\/wp\/v2\/pages"}],"about":[{"href":"https:\/\/ltir.usthb.dz\/index.php\/wp-json\/wp\/v2\/types\/page"}],"author":[{"embeddable":true,"href":"https:\/\/ltir.usthb.dz\/index.php\/wp-json\/wp\/v2\/users\/1"}],"replies":[{"embeddable":true,"href":"https:\/\/ltir.usthb.dz\/index.php\/wp-json\/wp\/v2\/comments?post=285"}],"version-history":[{"count":2,"href":"https:\/\/ltir.usthb.dz\/index.php\/wp-json\/wp\/v2\/pages\/285\/revisions"}],"predecessor-version":[{"id":291,"href":"https:\/\/ltir.usthb.dz\/index.php\/wp-json\/wp\/v2\/pages\/285\/revisions\/291"}],"wp:attachment":[{"href":"https:\/\/ltir.usthb.dz\/index.php\/wp-json\/wp\/v2\/media?parent=285"}],"curies":[{"name":"wp","href":"https:\/\/api.w.org\/{rel}","templated":true}]}}